c and 14?
7
Let k(t) = -t + 50. Let w be k(0). Suppose 0*f - f + 5 = 0, 5*d = 5*f - 60. Let g = d + 17. What is the greatest common divisor of w and g?
10
Suppose 0 = 4*n + n - 55. Suppose -5*d + 51 = n. Calculate the highest common divisor of d and 64.
8
Let g be 2/(-11) + 6942/66. Let x be 15 + 3/1 - 3. What is the greatest common factor of x and g?
15
Suppose 6 = 6*c - 4*c. Let v(u) = u**2 - 5*u + 3 + 0 + c. Let p be v(6). Calculate the greatest common divisor of p and 8.
4
Suppose -3*v + 0*v = -336. Calculate the greatest common divisor of 28 and v.
28
Let x(j) = -4*j**3 + j**2 + 2*j + 1. Let r be x(-1). Let o(v) = -5*v + 1. Let l be o(-7). Calculate the greatest common divisor of r and l.
4
Suppose 3 = -6*r + 3*r. Let c be 6 + -3 + 1*r. Suppose 4*g + c*b - 18 = 0, -6*g + 19 = -2*g + b. What is the greatest common factor of 1 and g?
1
Let j(q) = 3*q + 1. Let k = -4 + 5. Let s be j(k). What is the greatest common divisor of s and 20?
4
Let s = -2095 + 3782. Suppose -s = -3*f + 1559. Let m be 1/(-3) - f/(-6). What is the highest common divisor of 20 and m?
20
Let o be ((-2)/5)/((-2)/60). Let u = -5 + o. Calculate the highest common factor of 14 and u.
7
Let b(f) = -f + 5. Suppose -14 = 4*v + 2, -4*r + 5*v = 8. Let h be b(r). Calculate the highest common divisor of h and 12.
12
Suppose 0*r + r - 3*t = 24, t + 52 = 4*r. Calculate the highest common factor of 2 and r.
2
Let m be (13/5 - 3)/(1/(-45)). Calculate the highest common factor of m and 36.
18
Let r = -2 + 106. What is the highest common factor of 39 and r?
13
Suppose -n = -1 - 5. Calculate the greatest common divisor of 9 and n.
3
Let r(z) = z**2 + z + 1. Let v = -5 + 0. Let s(d) = -d - 6. Let n be s(v). Let k be r(n). Calculate the greatest common divisor of 8 and k.
1
Let c be 5 - (-3)/9*-6. What is the highest common divisor of c and 12?
3
Suppose -5*m + 5 = 0, 8*a - 6*a = m + 31. Calculate the greatest common factor of a and 32.
16
Suppose -8 = 5*d - 33, -5*x - 15 = -3*d. Suppose -16 = -4*i - x*i. What is the greatest common divisor of i and 10?
2
Suppose -5*f + 20 = 0, 3*z - f = 64 + 4. Calculate the highest common factor of 6 and z.
6
Suppose -4*l + 12 + 8 = 0, -23 = 2*w - 5*l. Let p(c) = c + 4. Let k be p(-7). Let o = k + 8. Calculate the highest common divisor of o and w.
1
Let f(s) = s**3 + s + 3. Let v be f(0). Let o = v + -5. Let t be (0 + o)/(1/(-3)). Calculate the highest common divisor of 66 and t.
6
Let n(m) = -2*m**3 - 2*m**2 - 3*m - 3. Let j be n(-2). Suppose 0 = -5*u + a + 59, -3*u + 34 + 7 = -2*a. Calculate the greatest common divisor of u and j.
11
Let c = -13 - -24. What is the highest common divisor of 88 and c?
11
Let a(h) = -11*h - 12. Let l be a(-4). What is the greatest common factor of 48 and l?
16
Let f(o) = o**3 - 5*o**2 - 5*o + 5. Let n be f(6). Let r be (-1 + -1 + 3)*n. Suppose -4*h + 3*h + 1 = 0. Calculate the highest common divisor of h and r.
1
Let c(y) = -y**2 - 7*y - 6. Let s be c(-6). Suppose -x - x + 34 = s. What is the highest common factor of x and 34?
17
Suppose 4*y = 440 + 116. Let x = y - 83. Calculate the greatest common factor of 7 and x.
7
Let f be 3 - 7 - -8 - 2. Suppose -g + 17 = f*h + h, 3*h = 4*g + 7. Calculate the highest common divisor of g and 6.
2
Suppose 0 = -3*s + 4*s - 59. Let n = -37 + s. Calculate the highest common divisor of 66 and n.
22
Suppose -h + 3 - 5 = 0. Let u be (-1 + 0)/(h/12). Suppose 0 = 2*a - u*a + 2*f + 56, -2*f = -5*a + 70. What is the highest common factor of 42 and a?
14
Let f = -25 + 100. Calculate the highest common divisor of f and 30.
15
Let x(z) = -z**3 + 7*z**2 - 5*z - 3. Suppose 12*y - 30 = 7*y. Let w be x(y). Calculate the greatest common divisor of 2 and w.
1
Let l = 13 - 8. Let n(p) = 3*p**2 + p + 1. Let z be n(-3). Calculate the greatest common factor of z and l.
5
Suppose 3*k = 12*k - 1152. What is the greatest common factor of k and 32?
32
Suppose 132*z = 133*z - 48. Let b be (-380)/(-16) + 2/8. What is the highest common divisor of b and z?
24
Suppose v - 6 = -1, 3*z = -3*v + 360. What is the greatest common factor of 23 and z?
23
Suppose -k = 4*t + 3*k + 4, -4*k = -3*t + 18. Suppose -v + 21 = i + i, 0 = -t*v + 3*i + 7. Calculate the highest common factor of 44 and v.
11
Suppose -10*y = -3*y - 399. What is the greatest common factor of y and 38?
19
Let s be (-82)/(-5) + 4/(-10). Let q be 3 - 2/((-4)/(-6)). Suppose f - s - 9 = q. What is the highest common divisor of f and 10?
5
Let f(r) = 113*r - 1. Let k(s) = -340*s + 3. Let u(b) = -7*f(b) - 2*k(b). Let c be u(5). Let y be c/(-22) - 4/22. What is the highest common factor of y and 5?
5
Let l(q) = -4*q + 7. Let d(b) = -1. Let f(w) = -5*d(w) - l(w). Let y be f(9). Calculate the highest common divisor of y and 85.
17
Let j be ((-760)/50)/((-4)/10). Suppose -h - 102 = j. Let l be h/(-18) + 6/27. What is the highest common factor of 88 and l?
8
Let w(c) = c**2 - 3*c - 8. Let r be w(5). Suppose 2*a = 8 - r, 0 = -4*x + a + 45. Calculate the highest common factor of 48 and x.
12
Suppose 2*z - 273 = -5*z. Let b = -34 - -60. What is the highest common factor of z and b?
13
Let g(d) = 37*d**3 + d**2 - d. Suppose 3*k - 3 = 4*s, k - 6*k - 3*s = -5. Let r be g(k). Suppose -2*x = 9 - r. What is the highest common divisor of 2 and x?
2
Suppose 84 = -0*g + 3*g. Suppose 0 = i - 5*i + g. Suppose 3*z - 4*y - y = 21, -3*y = 5*z - 35. Calculate the greatest common factor of z and i.
7
Suppose -n = -6 + 3. Suppose n*q + 0*q = 0. Suppose t = 5*h - 41, -4*h + q*t + t + 33 = 0. What is the highest common divisor of 88 and h?
8
Suppose v + 3*v - 132 = 0. What is the highest common factor of 22 and v?
11
Suppose 3*g + 14 = 68. Calculate the highest common factor of 144 and g.
18
Suppose -5*n = -2*n. Suppose 4*i - 6 - 10 = n. Suppose -i*g = -g - 6. What is the highest common divisor of g and 16?
2
Let f = 7 - 9. Let x be (-97)/(-2) - (-1)/f. Suppose -4*u + 5*r = u - 85, r = 2*u - 33. What is the greatest common divisor of x and u?
16
Let v(c) = c**2 + 7*c - 9. Let g be v(6). Let l = 173 - g. Calculate the highest common factor of l and 13.
13
Let z(i) = -i**3 + i**2 + 4*i. Let l be z(-3). Calculate the highest common factor of 12 and l.
12
Let k be -1 + -1 + 99/1. Let o = -49 + k. Suppose 53 = 4*c + 5*q, 2*c - 2*q - 3*q - 19 = 0. Calculate the highest common divisor of o and c.
12
Suppose -3*c - 7 = -19. Let t = 2 + c. Let j be 1 + ((-1)/(-1))/1. What is the greatest common divisor of t and j?
2
Let x be (1 - 1)/(-2 + 1). Let c = 26 + x. Suppose -3*b = b - 260. Calculate the greatest common factor of b and c.
13
Let h(u) = u**3 + 9*u**2 - 13*u - 6. Let m be h(-10). Calculate the greatest common divisor of 8 and m.
8
Let y(w) = 6*w**3 + w**2 - w. Let b be y(-2). Let u be 2/(-3) - b/9. Calculate the greatest common divisor of 32 and u.
4
Let a = 24 - -10. What is the highest common divisor of a and 272?
34
Let l be (-1)/(1 + (-36)/34). Let k = 32 - -70. What is the highest common divisor of k and l?
17
Let i be 1*(-2)/2 + 5. Suppose i*w + c - 136 = 3*c, -56 = -2*w + 4*c. Suppose w = 2*p + p. Calculate the highest common divisor of 36 and p.
12
Let q be 2 - 1 - (-5 + 6) - -24. What is the greatest common divisor of 16 and q?
8
Suppose 4*k = 3*i + 44, -2*k + 2*i = 2*k - 44. Suppose -3*y = 281 + 49. Let c be ((-4)/5)/(2/y). Calculate the greatest common divisor of c and k.
11
Let s(a) = a**2 + 3*a - 8. Let o be s(-7). Let n be 416/5 + (-4)/o. Suppose -4*q + 4*j + 84 = 8, n = 5*q - 2*j. Calculate the greatest common factor of 6 and q.
3
Suppose 0 = -5*g + 4 + 11. Let p be (g/2)/((-1)/(-34)). What is the highest common factor of p and 17?
17
Suppose -n + 13 = -4*a - 0*a, 3*n - 39 = 5*a. Calculate the highest common factor of 143 and n.
13
Let z be (-11)/(1/(-3 - -1)). Suppose 2*k = 4*k - z. Calculate the greatest common factor of k and 22.
11
Suppose 5*i - 12 = 48. Calculate the highest common divisor of 132 and i.
12
Let l(k) = -k**3 + 6*k**2 - 4*k. Suppose 4*m - 2 = 14. Let s be l(m). Suppose 26 + 6 = 4*c + b, 0 = 4*b - s. Calculate the highest common divisor of 21 and c.
7
Let l = 4 + -2. Suppose g - 45 = -l*b, 5*g - 1 = -3*b + 70. Calculate the greatest common divisor of b and 11.
11
Suppose 3*d - 1 - 2 = 0. Let v be (-3)/(-9)*1*63/3. Calculate the greatest common divisor